{"id":21208,"date":"2025-10-19T12:15:43","date_gmt":"2025-10-19T12:15:43","guid":{"rendered":"https:\/\/www.naciyebeyazduslermodaevi.com.tr\/?post_type=product&#038;p=21208"},"modified":"2025-10-19T12:15:43","modified_gmt":"2025-10-19T12:15:43","slug":"juli","status":"publish","type":"product","link":"https:\/\/www.naciyebeyazduslermodaevi.com.tr\/?product=juli","title":{"rendered":"JUL\u0130"},"content":{"rendered":"<div class=\"fusion-title title fusion-title-2 fusion-title-text fusion-title-size-two\">\n<h2 class=\"fusion-title-heading title-heading-left fusion-responsive-typography-calculated\">\u00dcr\u00fcn A\u00e7\u0131klamas\u0131<\/h2>\n<div class=\"title-sep-container title-sep-container-right\">\n<div class=\"title-sep sep- sep-solid\"><\/div>\n<\/div>\n<\/div>\n<div class=\"fusion-content-tb fusion-content-tb-1\">\n<p data-start=\"293\" data-end=\"330\"><strong data-start=\"293\" data-end=\"330\">Zarif ve Modern Gelinlik Tasar\u0131m\u0131<\/strong><\/p>\n<p data-start=\"332\" data-end=\"614\">Modern bir g\u00f6r\u00fcn\u00fcm sunan bu gelinlik, bel k\u0131sm\u0131ndaki zarif detaylarla dikkat \u00e7eker. Belden a\u015fa\u011f\u0131ya do\u011fru geni\u015fleyen etek yap\u0131s\u0131 sayesinde hem rahat hem \u015f\u0131k bir duru\u015f sa\u011flar.<\/p>\n<p data-start=\"616\" data-end=\"773\"><strong data-start=\"619\" data-end=\"641\">Ki\u015fiye \u00d6zel Dikim:<\/strong><br data-start=\"641\" data-end=\"644\" \/>Bu gelinlik, tamamen sizin \u00f6l\u00e7\u00fclerinize \u00f6zel olarak dikilmektedir. En mutlu g\u00fcn\u00fcn\u00fczde kendinizi \u00f6zel hissetmeniz i\u00e7in tasarland\u0131.<\/p>\n<\/div>\n","protected":false},"excerpt":{"rendered":"<p>\u00dcr\u00fcn A\u00e7\u0131klamas\u0131 Zarif ve Modern Gelinlik Tasar\u0131m\u0131 Modern bir g\u00f6r\u00fcn\u00fcm sunan bu gelinlik, bel k\u0131sm\u0131ndaki zarif detaylarla dikkat \u00e7eker. Belden<\/p>\n","protected":false},"featured_media":21210,"comment_status":"open","ping_status":"closed","template":"","meta":[],"product_brand":[],"product_cat":[15,357,355],"product_tag":[],"class_list":{"0":"post-21208","1":"product","2":"type-product","3":"status-publish","4":"has-post-thumbnail","6":"product_cat-genel","7":"product_cat-a-kesim-gelinlikler","8":"product_cat-gelinlik-modelleri","10":"first","11":"instock","12":"shipping-taxable","13":"product-type-simple"},"_links":{"self":[{"href":"https:\/\/www.naciyebeyazduslermodaevi.com.tr\/index.php?rest_route=\/wp\/v2\/product\/21208","targetHints":{"allow":["GET"]}}],"collection":[{"href":"https:\/\/www.naciyebeyazduslermodaevi.com.tr\/index.php?rest_route=\/wp\/v2\/product"}],"about":[{"href":"https:\/\/www.naciyebeyazduslermodaevi.com.tr\/index.php?rest_route=\/wp\/v2\/types\/product"}],"replies":[{"embeddable":true,"href":"https:\/\/www.naciyebeyazduslermodaevi.com.tr\/index.php?rest_route=%2Fwp%2Fv2%2Fcomments&post=21208"}],"wp:featuredmedia":[{"embeddable":true,"href":"https:\/\/www.naciyebeyazduslermodaevi.com.tr\/index.php?rest_route=\/wp\/v2\/media\/21210"}],"wp:attachment":[{"href":"https:\/\/www.naciyebeyazduslermodaevi.com.tr\/index.php?rest_route=%2Fwp%2Fv2%2Fmedia&parent=21208"}],"wp:term":[{"taxonomy":"product_brand","embeddable":true,"href":"https:\/\/www.naciyebeyazduslermodaevi.com.tr\/index.php?rest_route=%2Fwp%2Fv2%2Fproduct_brand&post=21208"},{"taxonomy":"product_cat","embeddable":true,"href":"https:\/\/www.naciyebeyazduslermodaevi.com.tr\/index.php?rest_route=%2Fwp%2Fv2%2Fproduct_cat&post=21208"},{"taxonomy":"product_tag","embeddable":true,"href":"https:\/\/www.naciyebeyazduslermodaevi.com.tr\/index.php?rest_route=%2Fwp%2Fv2%2Fproduct_tag&post=21208"}],"curies":[{"name":"wp","href":"https:\/\/api.w.org\/{rel}","templated":true}]}}